{"id":24,"date":"2015-12-18T10:50:58","date_gmt":"2015-12-18T10:50:58","guid":{"rendered":"https:\/\/expertosenetica.com\/?page_id=24"},"modified":"2015-12-18T10:50:58","modified_gmt":"2015-12-18T10:50:58","slug":"about","status":"publish","type":"page","link":"https:\/\/expertosenetica.com\/index.php\/about\/","title":{"rendered":"About"},"content":{"rendered":"<p>La C\u00e1tedra de \u00c9tica M\u00e9dica \u201cHospital El \u00c1ngel\u201d es el resultado de un Convenio de colaboraci\u00f3n entre la Universidad de M\u00e1laga y el Hospital El \u00c1ngel de M\u00e1laga.<\/p>\n<p>El Director de la C\u00e1tedra es el Dr. Joaqu\u00edn Fern\u00e1ndez-Crehuet Navajas Catedr\u00e1tico de Medicina Preventiva y Salud P\u00fablica y Director del Departamento de Salud p\u00fablica y Psiquiatr\u00eda de la Universidad de M\u00e1laga<\/p>\n<p>La C\u00e1tedra de \u00e9tica M\u00e9dica Hospital El \u00c1ngel de M\u00e1laga se puso en marcha el pasado 10\u00a0de\u00a0Marzo\u00a0de\u00a02015, y tiene una comisi\u00f3n de seguimiento constituida por:<\/p>\n<p>Dr.\u00a0Manuel\u00a0Viola\u00a0Figueras<\/p>\n<p>Director Gerente del Hospital El \u00c1ngel de M\u00e1laga.<\/p>\n<p>Dr.\u00a0Miguel\u00a0Fern\u00e1ndez\u00a0Rodr\u00edguez\u00a0 Jefe de la Unidad de Medicina Intensiva del Hospital El \u00c1ngel de M\u00e1laga.<\/p>\n<p>Dr. Manuel Carnero Varo Medico especialista en Medicina Preventiva. Profesor Asociado de la C\u00e1tedra de Medicina Preventiva y Salud P\u00fablica de la UMA.<\/p>\n<p>Dr. Joaqu\u00edn Fern\u00e1ndez-Crehuet Navajas . Director de la C\u00e1tedra.<\/p>\n<p>&nbsp;<\/p>\n<p>Los objetivos de la \u201cC\u00e1tedra\u201d son los siguientes:<\/p>\n<p>1) Contribuir al desarrollo de nuevos m\u00e9todos y herramientas de an\u00e1lisis dirigidas al estudio de la \u00c9tica M\u00e9dica.<\/p>\n<p>2) Organizaci\u00f3n de jornadas, cursos, seminarios, congresos y otros eventos de inter\u00e9s acad\u00e9mico, cient\u00edfico o empresarial a nivel nacional o internacional sobre \u00c9tica M\u00e9dica.<\/p>\n<p>3) Realizaci\u00f3n de estudios y trabajos emp\u00edricos de inter\u00e9s en esta \u00e1rea del conocimiento.<\/p>\n<p>4) Promover actividades de formaci\u00f3n a nivel ocupacional, de grado y postgrado (online y presencial), y aplicar y desarrollar t\u00e9cnicas de innovaci\u00f3n educativa relacionadas con la \u00c9tica M\u00e9dica.<\/p>\n<p>5) Publicaci\u00f3n de los resultados obtenidos y su divulgaci\u00f3n a toda la comunidad cient\u00edfica y empresarial a trav\u00e9s de los medios de difusi\u00f3n disponibles por las universidades u otras instituciones p\u00fablicas o privadas.<\/p>\n<p>6) Impulsar, asesorar y colaborar en la elaboraci\u00f3n y dise\u00f1o de actuaciones y medidas de todo tipo dentro del \u00e1mbito de la \u00c9tica M\u00e9dica.<\/p>\n<p>La Universidad de M\u00e1laga, en virtud de este convenio y, en tanto en cuanto, est\u00e9 plenamente vigente, autorizar\u00e1 al hospital El \u00c1ngel a identificarse como hospital colaborador de la Facultad de Medicina de la Universidad.<\/p>\n<p>A tal objeto la Universidad de M\u00e1laga proporcionar\u00e1 al hospital el logotipo especifico de esa colaboraci\u00f3n.<\/p>\n<p>&nbsp;<\/p>\n","protected":false},"excerpt":{"rendered":"<p>La C\u00e1tedra de \u00c9tica M\u00e9dica \u201cHospital El \u00c1ngel\u201d es el resultado de un Convenio de colaboraci\u00f3n entre la Universidad de M\u00e1laga y el Hospital El \u00c1ngel de M\u00e1laga. El Director de la C\u00e1tedra es el Dr. Joaqu\u00edn Fern\u00e1ndez-Crehuet Navajas Catedr\u00e1tico de Medicina Preventiva y Salud P\u00fablica y Director del Departamento de Salud p\u00fablica y Psiquiatr\u00eda&#8230;<\/p>\n","protected":false},"author":1,"featured_media":0,"parent":0,"menu_order":0,"comment_status":"closed","ping_status":"closed","template":"","meta":{"_kadence_starter_templates_imported_post":false,"_kad_post_transparent":"","_kad_post_title":"","_kad_post_layout":"","_kad_post_sidebar_id":"","_kad_post_content_style":"","_kad_post_vertical_padding":"","_kad_post_feature":"","_kad_post_feature_position":"","_kad_post_header":false,"_kad_post_footer":false,"_kad_post_classname":"","footnotes":""},"class_list":["post-24","page","type-page","status-publish","hentry"],"jetpack_sharing_enabled":true,"post_mailing_queue_ids":[],"_links":{"self":[{"href":"https:\/\/expertosenetica.com\/index.php\/wp-json\/wp\/v2\/pages\/24","targetHints":{"allow":["GET"]}}],"collection":[{"href":"https:\/\/expertosenetica.com\/index.php\/wp-json\/wp\/v2\/pages"}],"about":[{"href":"https:\/\/expertosenetica.com\/index.php\/wp-json\/wp\/v2\/types\/page"}],"author":[{"embeddable":true,"href":"https:\/\/expertosenetica.com\/index.php\/wp-json\/wp\/v2\/users\/1"}],"replies":[{"embeddable":true,"href":"https:\/\/expertosenetica.com\/index.php\/wp-json\/wp\/v2\/comments?post=24"}],"version-history":[{"count":1,"href":"https:\/\/expertosenetica.com\/index.php\/wp-json\/wp\/v2\/pages\/24\/revisions"}],"predecessor-version":[{"id":1189,"href":"https:\/\/expertosenetica.com\/index.php\/wp-json\/wp\/v2\/pages\/24\/revisions\/1189"}],"wp:attachment":[{"href":"https:\/\/expertosenetica.com\/index.php\/wp-json\/wp\/v2\/media?parent=24"}],"curies":[{"name":"wp","href":"https:\/\/api.w.org\/{rel}","templated":true}]}}

<p>La Cátedra de Ética Médica “Hospital El Ángel” es el resultado de un Convenio de colaboración entre la Universidad de Málaga y el Hospital El Ángel de Málaga.</p>
<p>El Director de la Cátedra es el Dr. Joaquín Fernández-Crehuet Navajas Catedrático de Medicina Preventiva y Salud Pública y Director del Departamento de Salud pública y Psiquiatría de la Universidad de Málaga</p>
<p>La Cátedra de ética Médica Hospital El Ángel de Málaga se puso en marcha el pasado 10 de Marzo de 2015, y tiene una comisión de seguimiento constituida por:</p>
<p>Dr. Manuel Viola Figueras</p>
<p>Director Gerente del Hospital El Ángel de Málaga.</p>
<p>Dr. Miguel Fernández Rodríguez  Jefe de la Unidad de Medicina Intensiva del Hospital El Ángel de Málaga.</p>
<p>Dr. Manuel Carnero Varo Medico especialista en Medicina Preventiva. Profesor Asociado de la Cátedra de Medicina Preventiva y Salud Pública de la UMA.</p>
<p>Dr. Joaquín Fernández-Crehuet Navajas . Director de la Cátedra.</p>
<p>&nbsp;</p>
<p>Los objetivos de la “Cátedra” son los siguientes:</p>
<p>1) Contribuir al desarrollo de nuevos métodos y herramientas de análisis dirigidas al estudio de la Ética Médica.</p>
<p>2) Organización de jornadas, cursos, seminarios, congresos y otros eventos de interés académico, científico o empresarial a nivel nacional o internacional sobre Ética Médica.</p>
<p>3) Realización de estudios y trabajos empíricos de interés en esta área del conocimiento.</p>
<p>4) Promover actividades de formación a nivel ocupacional, de grado y postgrado (online y presencial), y aplicar y desarrollar técnicas de innovación educativa relacionadas con la Ética Médica.</p>
<p>5) Publicación de los resultados obtenidos y su divulgación a toda la comunidad científica y empresarial a través de los medios de difusión disponibles por las universidades u otras instituciones públicas o privadas.</p>
<p>6) Impulsar, asesorar y colaborar en la elaboración y diseño de actuaciones y medidas de todo tipo dentro del ámbito de la Ética Médica.</p>
<p>La Universidad de Málaga, en virtud de este convenio y, en tanto en cuanto, esté plenamente vigente, autorizará al hospital El Ángel a identificarse como hospital colaborador de la Facultad de Medicina de la Universidad.</p>
<p>A tal objeto la Universidad de Málaga proporcionará al hospital el logotipo especifico de esa colaboración.</p>
<p>&nbsp;</p>

<p>La Cátedra de Ética Médica “Hospital El Ángel” es el resultado de un Convenio de colaboración entre la Universidad de Málaga y el Hospital El Ángel de Málaga. El Director de la Cátedra es el Dr. Joaquín Fernández-Crehuet Navajas Catedrático de Medicina Preventiva y Salud Pública y Director del Departamento de Salud pública y Psiquiatría&#8230;</p>
