{"id":38,"date":"2015-12-23T11:28:14","date_gmt":"2015-12-23T11:28:14","guid":{"rendered":"https:\/\/expertosenetica.com\/?page_id=38"},"modified":"2015-12-23T11:28:14","modified_gmt":"2015-12-23T11:28:14","slug":"saludo-del-director-academico-del-curso","status":"publish","type":"page","link":"https:\/\/expertosenetica.com\/index.php\/saludo-del-director-academico-del-curso\/","title":{"rendered":"Saludo del Director de la C\u00e1tedra de \u00e9tica"},"content":{"rendered":"<figure id=\"attachment_64\" aria-describedby=\"caption-attachment-64\" style=\"width: 114px\" class=\"wp-caption aligncenter\"><a href=\"https:\/\/expertosenetica.com\/wp-content\/uploads\/2015\/12\/joaquin-fcrehuet.png\" rel=\"attachment wp-att-64\"><img loading=\"lazy\" decoding=\"async\" class=\" wp-image-64\" src=\"https:\/\/expertosenetica.com\/wp-content\/uploads\/2015\/12\/joaquin-fcrehuet.png\" alt=\"Dr. Fern\u00e1ndez-Crehuet\" width=\"114\" height=\"114\" \/><\/a><figcaption id=\"caption-attachment-64\" class=\"wp-caption-text\">Dr. Fern\u00e1ndez-Crehuet<\/figcaption><\/figure>\n<p>Queridos amigos y seguidores de este blog:<\/p>\n<p>Como Director de la C\u00e1tedra de \u00c9tica M\u00e9dica \u201cHospital El \u00c1ngel\u201d tengo el gusto de presentaros este blog que hemos denominado \u00abexpertosenetica.uma.es\u00bb, en el que iremos colgando informaci\u00f3n y documentaci\u00f3n relativa a los temas m\u00e1s relevantes relacionados con dicha materia.<\/p>\n<p>Los objetivos que nos proponemos son:<\/p>\n<ol>\n<li>Proporcionar\u00a0referencias\u00a0\u00e9ticas,\u00a0deontol\u00f3gicas\u00a0y\u00a0legales\u00a0para\u00a0la toma\u00a0de\u00a0decisiones en la actividad\u00a0habitual\u00a0de\u00a0las\u00a0diversas\u00a0profesiones\u00a0sanitarias.<\/li>\n<\/ol>\n<p>2. Facilitar\u00a0argumentos\u00a0que\u00a0ayuden\u00a0a\u00a0los\u00a0profesionales\u00a0sanitarios\u00a0a mantener\u00a0actitudes\u00a0y\u00a0conductas\u00a0irreprochables<br \/>\nacordes\u00a0con\u00a0las\u00a0expectativas\u00a0\u00a0de\u00a0la\u00a0sociedad.<\/p>\n<p>3. Ofertar\u00a0un\u00a0espacio\u00a0de\u00a0re\ufb02exi\u00f3n\u00a0abierto,\u00a0que\u00a0pueda\u00a0servir\u00a0de\u00a0gu\u00eda \u00e9tica\u00a0y\u00a0deontol\u00f3gica\u00a0para\u00a0los\u00a0profesionales<br \/>\nimplicadas\u00a0en\u00a0los\u00a0cuidados\u00a0sanitarios,\u00a0el\u00a0tratamiento\u00a0de\u00a0la enfermedad\u00a0y\u00a0la\u00a0promoci\u00f3n\u00a0de\u00a0la\u00a0salud.<\/p>\n<p>Queremos poner este blog a disposici\u00f3n de todas las especialidades sanitarias que tengan que ver con la atenci\u00f3n al paciente y crear un foro din\u00e1mico que facilite la consecuci\u00f3n de nuestros objetivos.<\/p>\n<p>Joaqu\u00edn Fern\u00e1ndez-Crehuet Navajas,<\/p>\n<p>Director del Departamento de Salud P\u00fablica y Psiquiatr\u00eda<br \/>\nCatedr\u00e1tico Em\u00e9rito de Medicina Preventiva y Salud P\u00fablica.<br \/>\nUniversidad de M\u00e1laga<br \/>\nHospital Virgen de la Victoria<\/p>\n","protected":false},"excerpt":{"rendered":"<p>Queridos amigos y seguidores de este blog: Como Director de la C\u00e1tedra de \u00c9tica M\u00e9dica \u201cHospital El \u00c1ngel\u201d tengo el gusto de presentaros este blog que hemos denominado \u00abexpertosenetica.uma.es\u00bb, en el que iremos colgando informaci\u00f3n y documentaci\u00f3n relativa a los temas m\u00e1s relevantes relacionados con dicha materia. Los objetivos que nos proponemos son: Proporcionar\u00a0referencias\u00a0\u00e9ticas,\u00a0deontol\u00f3gicas\u00a0y\u00a0legales\u00a0para\u00a0la toma\u00a0de\u00a0decisiones&#8230;<\/p>\n","protected":false},"author":1,"featured_media":0,"parent":0,"menu_order":0,"comment_status":"closed","ping_status":"closed","template":"","meta":{"_kadence_starter_templates_imported_post":false,"_kad_post_transparent":"","_kad_post_title":"","_kad_post_layout":"","_kad_post_sidebar_id":"","_kad_post_content_style":"","_kad_post_vertical_padding":"","_kad_post_feature":"","_kad_post_feature_position":"","_kad_post_header":false,"_kad_post_footer":false,"_kad_post_classname":"","footnotes":""},"class_list":["post-38","page","type-page","status-publish","hentry"],"jetpack_sharing_enabled":true,"post_mailing_queue_ids":[],"_links":{"self":[{"href":"https:\/\/expertosenetica.com\/index.php\/wp-json\/wp\/v2\/pages\/38","targetHints":{"allow":["GET"]}}],"collection":[{"href":"https:\/\/expertosenetica.com\/index.php\/wp-json\/wp\/v2\/pages"}],"about":[{"href":"https:\/\/expertosenetica.com\/index.php\/wp-json\/wp\/v2\/types\/page"}],"author":[{"embeddable":true,"href":"https:\/\/expertosenetica.com\/index.php\/wp-json\/wp\/v2\/users\/1"}],"replies":[{"embeddable":true,"href":"https:\/\/expertosenetica.com\/index.php\/wp-json\/wp\/v2\/comments?post=38"}],"version-history":[{"count":0,"href":"https:\/\/expertosenetica.com\/index.php\/wp-json\/wp\/v2\/pages\/38\/revisions"}],"wp:attachment":[{"href":"https:\/\/expertosenetica.com\/index.php\/wp-json\/wp\/v2\/media?parent=38"}],"curies":[{"name":"wp","href":"https:\/\/api.w.org\/{rel}","templated":true}]}}

Saludo del Director de la Cátedra de ética

<figure id="attachment_64" aria-describedby="caption-attachment-64" style="width: 114px" class="wp-caption aligncenter"><a href="https://expertosenetica.com/wp-content/uploads/2015/12/joaquin-fcrehuet.png" rel="attachment wp-att-64"><img loading="lazy" decoding="async" class=" wp-image-64" src="https://expertosenetica.com/wp-content/uploads/2015/12/joaquin-fcrehuet.png" alt="Dr. Fernández-Crehuet" width="114" height="114" /></a><figcaption id="caption-attachment-64" class="wp-caption-text">Dr. Fernández-Crehuet</figcaption></figure>
<p>Queridos amigos y seguidores de este blog:</p>
<p>Como Director de la Cátedra de Ética Médica “Hospital El Ángel” tengo el gusto de presentaros este blog que hemos denominado «expertosenetica.uma.es», en el que iremos colgando información y documentación relativa a los temas más relevantes relacionados con dicha materia.</p>
<p>Los objetivos que nos proponemos son:</p>
<ol>
<li>Proporcionar referencias éticas, deontológicas y legales para la toma de decisiones en la actividad habitual de las diversas profesiones sanitarias.</li>
</ol>
<p>2. Facilitar argumentos que ayuden a los profesionales sanitarios a mantener actitudes y conductas irreprochables<br />
acordes con las expectativas  de la sociedad.</p>
<p>3. Ofertar un espacio de reﬂexión abierto, que pueda servir de guía ética y deontológica para los profesionales<br />
implicadas en los cuidados sanitarios, el tratamiento de la enfermedad y la promoción de la salud.</p>
<p>Queremos poner este blog a disposición de todas las especialidades sanitarias que tengan que ver con la atención al paciente y crear un foro dinámico que facilite la consecución de nuestros objetivos.</p>
<p>Joaquín Fernández-Crehuet Navajas,</p>
<p>Director del Departamento de Salud Pública y Psiquiatría<br />
Catedrático Emérito de Medicina Preventiva y Salud Pública.<br />
Universidad de Málaga<br />
Hospital Virgen de la Victoria</p>

<p>Queridos amigos y seguidores de este blog: Como Director de la Cátedra de Ética Médica “Hospital El Ángel” tengo el gusto de presentaros este blog que hemos denominado «expertosenetica.uma.es», en el que iremos colgando información y documentación relativa a los temas más relevantes relacionados con dicha materia. Los objetivos que nos proponemos son: Proporcionar referencias éticas, deontológicas y legales para la toma de decisiones&#8230;</p>
